-3*h = -0*n + 3*n + 21, 0 = 5*h - 10. Is d(n) a composite number?
True
Let o(s) = -528*s - 5429. Is o(-131) prime?
False
Let v = -1430 - -29232. Suppose -8394 + v = 8*y. Is y a composite number?
True
Suppose -11*q = -0*q - 5*h - 410567, 0 = h + 5. Is q a composite number?
True
Let y(k) = k**2 - 9*k + 12. Let u be y(8). Suppose 0 = -u*a - 0*a + 20. Suppose a*x - 2*x = 1509. Is x composite?
False
Suppose 3*y + 3*k + k = 147, 3*y = 2*k + 165. Let z = 55 - y. Suppose 4*d - 4*v = z*d + 1810, 0 = d + 4*v - 911. Is d prime?
True
Let i(o) be the second derivative of -5*o**3/3 - 7*o**2 - 30*o. Let d be i(-5). Suppose -37*v + 673 = -d*v. Is v composite?
False
Let v be -923*(4 + -5)*2. Suppose 2*s - 1516 - 354 = 0. Let r = v - s. Is r a prime number?
True
Suppose -83*l + 92*l - 3370779 = 0. Is l prime?
True
Suppose -15*i - 1921 + 181 = 0. Let p be 239/(-4)*((-3 - -3) + i). Suppose 7*d - 6138 = p. Is d prime?
True
Suppose -7608 = -3*t + 957. Suppose 2*q - 4*l = 44, 3*q + 4*l - 7*l - 60 = 0. Suppose -13*a + q*a - t = 0. Is a a composite number?
False
Let q = -922 + 901. Suppose a + 28 = -a. Is (-8583)/q + (-4)/a a prime number?
True
Let l(n) = 27608*n - 35. Let v be l(7). Is v/33 - (-22)/(-121) composite?
True
Let m(j) = -2*j**2 + 27*j + 43. Let k be m(15). Is ((-100635)/(-30))/(k/(-4)) composite?
False
Let y(v) be the second derivative of 3*v**3 + 13*v**2/2 - v. Suppose 5229 = 13*h + 5086. Is y(h) a prime number?
True
Suppose 0 = 102*m - 104*m + 38722. Suppose 3*t = 2*o + 19369, 6*t - 9*t + 4*o = -m. Is t composite?
True
Let s(f) = -f**2 + 37*f - 63. Let r be (-22 - -17) + (17 - -2). Is s(r) a composite number?
True
Let y = -264 + 268. Suppose 7*l - 7852 = -3*w + 2*l, 3*w + y*l = 7847. Is w prime?
True
Let t(a) = -26*a + 17*a + 2*a**2 - 29*a + 40. Let f be t(18). Suppose 0 = -f*m + 9*m - 7535. Is m a composite number?
True
Let b(o) = -2*o**2 + 30*o + 2. Let g = 0 - -15. Let q be b(g). Suppose -5*v + 1289 = q*h, 3*v + 4*h = 4*v - 271. Is v a composite number?
True
Let a(l) = 59 + 6*l**2 - 20*l - 24 + 8*l**2. Is a(16) a composite number?
False
Suppose -39 = -5*m - 9. Suppose -5*a + 18 = j, -2*a - 2*a = -2*j - m. Suppose j*t = 3*k + 12318, 5*k + 16419 = t + 3*t. Is t composite?
False
Let p(b) = 16*b**2 + 14*b - 23. Let n(j) = -6*j - 84. Let a be n(-11). Is p(a) a composite number?
False
Suppose 20*f - 526179 = -p + 22*f, 5*p - 2630965 = -4*f. Is p prime?
True
Suppose 28*k + 1750 = 38*k. Suppose -4*q + 1506 = -5*d, 0 = 3*q + 4*d - 1320 + k. Is q a prime number?
True
Let u = -3151 + 19886. Is u prime?
False
Suppose -2*c + 5*h - 2 = -4*c, -c - 3*h = 0. Is (2/c)/(6/((-330858)/(-11))) composite?
True
Suppose 428*k - 426*k = x - 35193, -5*x + 176017 = 3*k. Is x a composite number?
False
Let p = -2716621 + 4725090. Is p prime?
True
Let t = 32 + -30. Let j be (t - (-2 - -5))*(2 - 6). Suppose -2*d = 4*c - 64, -j*d + 6*d = 5*c - 62. Is c a prime number?
False
Let f = 17050 + 11487. Is f prime?
True
Suppose -3*a - 8 = 1. Let u be (2 + a + 2)*-4. Is -13*u/4*1 composite?
False
Let l(p) = -122*p + 27. Let i be l(7). Let s = 510 - i. Is s prime?
False
Let i be 1 - 6/2 - (-32 + 10). Suppose i*y - 64450 = 10*y. Is y composite?
True
Suppose 0 = 11*m - 220519 + 6932. Is m composite?
False
Suppose 2502134 = 4*t - 5*x, 4*t - 3*x = 9*t - 3127723. Is t prime?
False
Let y(q) = -43*q - 341. Let j be y(-8). Let v = 25 + -16. Suppose -25998 = j*p - v*p. Is p a composite number?
True
Suppose 2*s = -5*p + 487, -3*s - 511 = -5*p + s. Is (-118475)/(-45) + 11/(p/2) a composite number?
False
Let n be (15 + -9)*7/(-14). Is n - (-9491 + -6 - (-2 - 1)) composite?
False
Suppose 4*h - 21 = -3*p + 9, p = 2*h - 10. Suppose 0 = -u + 3*i + 152, -i = h*u - 3*u - 476. Is u prime?
False
Let w(u) = 2*u**3 + u**2 - 4*u - 1. Let g be w(2). Let d(o) = o**3 + 9*o**2 + 22*o - 9. Is d(g) composite?
True
Let s = 8 - 9. Is 0 + ((-1)/s)/((-6)/(-12318)) a prime number?
True
Suppose 3*n + 8*w + 24 = 5*w, 5*w - 5 = 0. Let u be (-3 + 24/9)*n + -761. Let k = -355 - u. Is k composite?
True
Suppose -65624 = -3*g + 2*j + 44147, -5*g = -3*j - 182951. Is g a composite number?
True
Suppose 10*l = 2 + 8. Is (2 - l) + (34*26 - -2) a prime number?
True
Let p(a) = -2*a**2 - 13*a - 60. Let r(x) = -x**2 - 7*x - 29. Let u(z) = 3*p(z) - 7*r(z). Let w be u(-8). Suppose 3*c - 5*o = 17828, 2*o - 3 = w. Is c prime?
False
Suppose -3*a - 3*r = -36258, -2*a + 19778 + 4419 = -3*r. Let n = a - 6740. Is n prime?
True
Suppose 5*r - u - 751590 = 0, -9 = 3*u + 6. Is r composite?
True
Let r be (-253)/(-55) - ((-16)/(-10) + -2). Suppose 3145 = r*q - 0*q. Suppose 5*i - 5314 = 5*a - q, 4*a - 16 = 0. Is i a prime number?
True
Let o be (6/(-15))/((-14)/210). Let w(i) = -3*i - 7 + 1 + 2*i**3 - 7*i**2 + 3. Is w(o) composite?
True
Suppose 0 = 1513*k - 1534*k + 16787631. Is k composite?
True
Let n = 248248 - -233241. Is n prime?
True
Suppose -5806581 = -o + 18*o - 18117250. Is o prime?
False
Suppose -3 = -7*b + 6*b. Let y(j) = 31*j + 34. Is y(b) a composite number?
False
Let b(m) = 10156*m - 175. Is b(9) prime?
True
Let a(b) = 30*b + 5 + 2*b**2 - 4 + 1 - 3*b**2. Is a(19) a composite number?
False
Let k = -6644 + 107871. Is k a composite number?
True
Suppose 3*r + 459 = -b, -r = -2*r + 4*b - 140. Let k be r/57*(-9)/(-2). Is 3*4/(-8)*k - -3 a composite number?
True
Suppose -652 + 160 = -6*o. Suppose 0 = 90*m - 92*m + o. Let r = 108 - m. Is r composite?
False
Is 2 - 1 - (-162440 - (4 + -26)) a prime number?
True
Let t(d) = 3627*d - 625. Is t(34) a composite number?
False
Let t(c) = 5064*c + 3659. Is t(10) prime?
False
Suppose 45*w = 13*w. Suppose w = -2*f - 4*n + 53842, 4*f + 5*n = n + 107696. Is f prime?
True
Is (-4)/(-9) + (-15 - (-1946950)/207) a prime number?
True
Let k = 2785611 + -748598. Is k composite?
True
Let u be -2 - ((-2)/5 + 14/10). Let v be 7494/18*(0 - u). Is (4 - (-4 - -7))*v composite?
False
Let t = 2737 - 1268. Suppose -3508 = -9*n + t. Is n a prime number?
False
Let z(d) = -d**3 - 18*d**2 + 14*d + 48. Suppose 0 = n + 4*i + 31, 2*n - 3*n + 5*i = 13. Is z(n) a prime number?
True
Suppose -5*v - 3*y + 170047 = 0, v - 8*y = -9*y + 34011. Let n = v + -7872. Is n a prime number?
False
Let c(u) = 901*u**2 + 683*u + 49. Is c(16) a prime number?
False
Suppose 7*q - 7118 = 9*q + 5*g, -2*q = 3*g + 7110. Let z = -1618 - q. Is z a prime number?
True
Suppose -9*p + 1333941 + 326937 + 23751 = 0. Is p prime?
True
Suppose 16*f - 1112902 - 710530 = -677688. Is f prime?
False
Let n be 84/28*(78 + -1). Is (-42)/n - (-98991)/11 composite?
False
Suppose 5*l = 4*k + 932253, 4*k = 89 - 97. Is l a prime number?
False
Let i(o) = -766*o**3 - 4*o**2 - 11*o - 115. Is i(-6) composite?
True
Suppose 0 = -4*z + 5*t - 260, -3*z - 168 = -3*t + 27. Let w = -62 - z. Suppose -w*v = k - 2217, -3*v - 2*v - 4*k + 3695 = 0. Is v prime?
True
Let h = -435 + 2570. Suppose f - h = 3*y, -2*y = -3 + 7. Is f a composite number?
False
Suppose -12*i + 5 = -7*i, -4*l - 2*i = -43906. Let c = l + -2913. Is c a prime number?
False
Is ((-3243878)/(-55))/((-2)/(-5)) + (-28)/4 composite?
True
Let y be (132/(-77))/((-2)/(-21)). Is (42/y + 3)/((-2)/(-483)) a prime number?
False
Let b(x) be the first derivative of -186*x**2 - 47*x + 16. Is b(-16) a composite number?
True
Is 16/28 - (-14)/(784/892440) a composite number?
False
Let p = -72 - -75. Let w(l) = -230*l + 16. Let g be w(p). Let o = 2781 - g. Is o a composite number?
True
Suppose -4*m + 379 = -1549. Suppose 8760 = 2*b - m. Is b a composite number?
False
Suppose -2*v - 3*b - 1809 = -232421, 0 = -2*v + 4*b + 230612. Is v a composite number?
True
Let b be (-1)/6 + (-200)/(-48). Suppose -2*p = -3*y - 32, 16 = p - 2*y + b*y. Suppose p*f - 10699 = 2949. Is f a prime number?
True
Is -2*4237902/(-27)*(-5 - 138/(-24)) a prime number?
True
Let h be (-8 - 0)*(-4)/(-8) - -7. Suppose -n = -5*b + 34, h*b - n = 4*n + 16. Suppose -2642 = -b*c + 2*c - 3*q, -2*c - 3*q = -1055. Is c a prime number?
False
Suppose 5*d - 628 = 927. Suppose m - 97 = -y, -3*y + 22*m + 286 = 20*m. Let j = d + y. Is j prime?
False
Suppose -4*r + 6 = 2*m, 3*m - 22 + 3 = -r. Suppose -3129 = -m*s + 2765. Is s composite?
True
Let l be (9/12)/((-3)/21)*-252. Let t = 132 + 769. Let y = l - t. Is y a composite number?
True
Let k = 66 - 70. Let c be (2/k)/(-1)*-6 + -1. Is 4/6 + c + (-